{"id":1922,"date":"2021-10-18T12:58:50","date_gmt":"2021-10-18T12:58:50","guid":{"rendered":"https:\/\/soledaddemo.pencidesign.net\/soledad-personal-skincare-blog-and-shop\/?page_id=1922"},"modified":"2026-04-22T00:01:19","modified_gmt":"2026-04-21T22:01:19","slug":"accueil","status":"publish","type":"page","link":"https:\/\/orazia.fr\/","title":{"rendered":"Accueil \u2014 Miravita Blog"},"content":{"rendered":"<p><!-- HERO --><\/p>\n<div style=\"background:linear-gradient(135deg,#1a1a2e 0%,#16213e 60%,#0f3460 100%);border-radius:16px;padding:60px 40px;text-align:center;margin-bottom:45px\">\n<p style=\"color:#e74c3c;font-size:12px;letter-spacing:3px;text-transform:uppercase;font-weight:700;margin:0 0 15px\">Sant\u00e9 \u00b7 Douleurs Nerveuses \u00b7 Solutions Naturelles<\/p>\n<h1 style=\"color:#fff;font-size:36px;font-weight:900;margin:0 0 20px;line-height:1.3\">Comprendre et Soulager<br \/><span style=\"color:#f39c12\">Vos Douleurs Nerveuses<\/span><\/h1>\n<p style=\"color:#ccc;font-size:17px;max-width:600px;margin:0 auto 30px;line-height:1.8\">Guides m\u00e9dicaux, t\u00e9moignages et solutions naturelles pour les personnes souffrant de neuropathie, sciatique et douleurs chroniques.<\/p>\n<div style=\"gap:15px;justify-content:center;flex-wrap:wrap\">\n    <a href=\"https:\/\/orazia.fr\/neuropathie\/\" style=\"background:#e74c3c;color:#fff;padding:14px 28px;border-radius:8px;font-weight:700;text-decoration:none;font-size:15px\">Nos articles \u2192<\/a><br \/>\n    <a href=\"https:\/\/orazia.fr\/fourmillements-pieds-causes-nerfs-solution\/\" style=\"background:transparent;color:#fff;padding:14px 28px;border-radius:8px;font-weight:700;text-decoration:none;font-size:15px\">Je souffre de fourmillements<\/a>\n  <\/div>\n<\/div>\n<p><!-- STATS --><\/p>\n<div style=\"gap:20px;margin-bottom:45px;flex-wrap:wrap;text-align:center\">\n<div style=\"flex:1;min-width:140px;background:#fff5f5;border-radius:12px;padding:22px 15px;border-top:4px solid #e74c3c\">\n<div style=\"font-size:34px;font-weight:900;color:#e74c3c\">1\/3<\/div>\n<div style=\"font-size:13px;color:#666;margin-top:6px\">des diab\u00e9tiques<br \/>d\u00e9veloppent une neuropathie<\/div>\n<\/p><\/div>\n<div style=\"flex:1;min-width:140px;background:#fff8ee;border-radius:12px;padding:22px 15px;border-top:4px solid #f39c12\">\n<div style=\"font-size:34px;font-weight:900;color:#f39c12\">22 000+<\/div>\n<div style=\"font-size:13px;color:#666;margin-top:6px\">personnes soulag\u00e9es<br \/>naturellement<\/div>\n<\/p><\/div>\n<div style=\"flex:1;min-width:140px;background:#f0fff4;border-radius:12px;padding:22px 15px;border-top:4px solid #27ae60\">\n<div style=\"font-size:34px;font-weight:900;color:#27ae60\">89%<\/div>\n<div style=\"font-size:13px;color:#666;margin-top:6px\">de soulagement<br \/>en 15 minutes<\/div>\n<\/p><\/div>\n<div style=\"flex:1;min-width:140px;background:#eaf4ff;border-radius:12px;padding:22px 15px;border-top:4px solid #2980b9\">\n<div style=\"font-size:34px;font-weight:900;color:#2980b9\">7<\/div>\n<div style=\"font-size:13px;color:#666;margin-top:6px\">guides m\u00e9dicaux<br \/>r\u00e9dig\u00e9s par des experts<\/div>\n<\/p><\/div>\n<\/div>\n<p><!-- CAT\u00c9GORIES --><\/p>\n<h2 style=\"font-size:22px;color:#1a1a2e;border-left:5px solid #e74c3c;padding-left:15px;margin-bottom:25px\">Explorez Nos Th\u00e9matiques<\/h2>\n<div style=\"gap:15px;flex-wrap:wrap;margin-bottom:45px\">\n  <a href=\"https:\/\/orazia.fr\/category\/douleurs-nerveuses\/\" style=\"flex:1;min-width:160px;background:#fff5f5;border-radius:12px;padding:20px;text-decoration:none;border:1px solid #fdd\"><\/p>\n<div style=\"font-size:28px;margin-bottom:8px\">\u26a1<\/div>\n<div style=\"font-weight:700;color:#e74c3c;font-size:14px\">Douleurs Nerveuses<\/div>\n<div style=\"color:#888;font-size:12px;margin-top:4px\">Br\u00fblures, d\u00e9charges, hypersensibilit\u00e9<\/div>\n<p>  <\/a><br \/>\n  <a href=\"https:\/\/orazia.fr\/category\/neuropathie\/\" style=\"flex:1;min-width:160px;background:#eaf4ff;border-radius:12px;padding:20px;text-decoration:none;border:1px solid #b3d9ff\"><\/p>\n<div style=\"font-size:28px;margin-bottom:8px\">\ud83e\udde0<\/div>\n<div style=\"font-weight:700;color:#2980b9;font-size:14px\">Neuropathie<\/div>\n<div style=\"color:#888;font-size:12px;margin-top:4px\">Diab\u00e9tique, post-chimio, idiopathique<\/div>\n<p>  <\/a><br \/>\n  <a href=\"https:\/\/orazia.fr\/category\/maladies-chroniques\/\" style=\"flex:1;min-width:160px;background:#fdf6ec;border-radius:12px;padding:20px;text-decoration:none;border:1px solid #f0dfc0\"><\/p>\n<div style=\"font-size:28px;margin-bottom:8px\">\ud83e\ude7a<\/div>\n<div style=\"font-weight:700;color:#e67e22;font-size:14px\">Maladies Chroniques<\/div>\n<div style=\"color:#888;font-size:12px;margin-top:4px\">Sciatique, algodystrophie, crampes<\/div>\n<p>  <\/a><br \/>\n  <a href=\"https:\/\/orazia.fr\/category\/soins-naturels\/\" style=\"flex:1;min-width:160px;background:#f0fff4;border-radius:12px;padding:20px;text-decoration:none;border:1px solid #a8e6c0\"><\/p>\n<div style=\"font-size:28px;margin-bottom:8px\">\ud83c\udf3f<\/div>\n<div style=\"font-weight:700;color:#27ae60;font-size:14px\">Soins Naturels<\/div>\n<div style=\"color:#888;font-size:12px;margin-top:4px\">Magn\u00e9sium, Boswellia, Arnica, MSM<\/div>\n<p>  <\/a><br \/>\n  <a href=\"https:\/\/orazia.fr\/category\/medicaments-effets-secondaires\/\" style=\"flex:1;min-width:160px;background:#f9f9f9;border-radius:12px;padding:20px;text-decoration:none;border:1px solid #ddd\"><\/p>\n<div style=\"font-size:28px;margin-bottom:8px\">\ud83d\udc8a<\/div>\n<div style=\"font-weight:700;color:#555;font-size:14px\">M\u00e9dicaments<\/div>\n<div style=\"color:#888;font-size:12px;margin-top:4px\">Effets secondaires &amp; alternatives<\/div>\n<p>  <\/a><br \/>\n  <a href=\"https:\/\/orazia.fr\/category\/temoignages\/\" style=\"flex:1;min-width:160px;background:#fffdf0;border-radius:12px;padding:20px;text-decoration:none;border:1px solid #f0e68c\"><\/p>\n<div style=\"font-size:28px;margin-bottom:8px\">\ud83d\udcac<\/div>\n<div style=\"font-weight:700;color:#f39c12;font-size:14px\">T\u00e9moignages<\/div>\n<div style=\"color:#888;font-size:12px;margin-top:4px\">Histoires vraies de patients soulag\u00e9s<\/div>\n<p>  <\/a>\n<\/div>\n<p><!-- ARTICLES VEDETTES --><\/p>\n<h2 style=\"font-size:22px;color:#1a1a2e;border-left:5px solid #e74c3c;padding-left:15px;margin-bottom:25px\">Articles Les Plus Lus<\/h2>\n<div style=\"gap:20px;flex-wrap:wrap;margin-bottom:45px\">\n<p>  <a href=\"https:\/\/orazia.fr\/brulures-picotements-pieds-nuit-neuropathie\/\" style=\"flex:1;min-width:250px;background:#fff;border-radius:12px;padding:22px;text-decoration:none;border-top:4px solid #e74c3c\"><br \/>\n    <span style=\"background:#fff5f5;color:#e74c3c;font-size:11px;font-weight:700;padding:3px 10px;border-radius:20px\">Douleurs Nerveuses<\/span><\/p>\n<h3 style=\"color:#1a1a2e;font-size:16px;margin:12px 0 8px;line-height:1.4\">Br\u00fblures dans les pieds la nuit : la vraie cause et la solution<\/h3>\n<p style=\"color:#888;font-size:13px;margin:0;line-height:1.6\">Pourquoi la douleur s&rsquo;aggrave-t-elle apr\u00e8s minuit ? L&rsquo;explication scientifique que votre m\u00e9decin n&rsquo;a pas eu le temps de donner.<\/p>\n<p>  <\/a><\/p>\n<p>  <a href=\"https:\/\/orazia.fr\/gabapentine-effets-secondaires-alternatives\/\" style=\"flex:1;min-width:250px;background:#fff;border-radius:12px;padding:22px;text-decoration:none;border-top:4px solid #c0392b\"><br \/>\n    <span style=\"background:#fff0f0;color:#c0392b;font-size:11px;font-weight:700;padding:3px 10px;border-radius:20px\">M\u00e9dicaments<\/span><\/p>\n<h3 style=\"color:#1a1a2e;font-size:16px;margin:12px 0 8px;line-height:1.4\">Gabapentine : les effets secondaires qu&rsquo;on ne vous dit pas<\/h3>\n<p style=\"color:#888;font-size:13px;margin:0;line-height:1.6\">68% des patients rapportent somnolence, brouillard mental et prise de poids. Ce que la notice ne mentionne pas clairement.<\/p>\n<p>  <\/a><\/p>\n<p>  <a href=\"https:\/\/orazia.fr\/meilleure-lotion-douleurs-nerveuses-2025-comparatif\/\" style=\"flex:1;min-width:250px;background:#fff;border-radius:12px;padding:22px;text-decoration:none;border-top:4px solid #f1c40f\"><br \/>\n    <span style=\"background:#fffdf0;color:#d4a800;font-size:11px;font-weight:700;padding:3px 10px;border-radius:20px\">Comparatif 2025<\/span><\/p>\n<h3 style=\"color:#1a1a2e;font-size:16px;margin:12px 0 8px;line-height:1.4\">Meilleure lotion douleurs nerveuses 2025 : notre verdict<\/h3>\n<p style=\"color:#888;font-size:13px;margin:0;line-height:1.6\">Nous avons test\u00e9 les 5 solutions les plus populaires sur 4 crit\u00e8res objectifs. Un seul produit sort clairement du lot.<\/p>\n<p>  <\/a><\/p>\n<\/div>\n<p><!-- CTA MIRAVITA --><\/p>\n<div style=\"background:linear-gradient(135deg,#1a1a2e,#2c3e50);border-radius:16px;padding:40px;text-align:center;margin-bottom:10px\">\n<p style=\"color:#e74c3c;font-size:11px;letter-spacing:3px;text-transform:uppercase;font-weight:700;margin:0 0 12px\">SOLUTION N\u00b01 EN FRANCE<\/p>\n<h2 style=\"color:#fff;font-size:26px;font-weight:900;margin:0 0 15px;line-height:1.3\">Vous Souffrez de Neuropathie ?<br \/><span style=\"color:#f39c12\">22 000 Personnes Ont Trouv\u00e9 un Soulagement.<\/span><\/h2>\n<p style=\"color:#ccc;font-size:15px;max-width:550px;margin:0 auto 25px;line-height:1.8\">Miravita est la lotion au magn\u00e9sium transdermique, Boswellia et Arnica sp\u00e9cifiquement formul\u00e9e pour calmer les nerfs hyperactifs. Soulagement ressenti en 15 minutes. Garantie 90 jours.<\/p>\n<p>  <a href=\"https:\/\/miravitafr.com\/products\/miravita-lotion\" target=\"_blank\" rel=\"nofollow noopener\" style=\"background:#e74c3c;color:#fff;padding:16px 35px;border-radius:8px;font-weight:700;text-decoration:none;font-size:16px\">\ud83d\udc49 D\u00e9couvrir Miravita \u2014 -60% Aujourd&rsquo;hui<\/a><\/p>\n<p style=\"color:#888;font-size:12px;margin:15px 0 0\">\u2b50 4.8\/5 sur 7 700 avis \u00b7 Livraison offerte \u00b7 Rembours\u00e9 si insatisfait<\/p>\n<\/div>\n","protected":false},"excerpt":{"rendered":"<p>Sant\u00e9 \u00b7 Douleurs Nerveuses \u00b7 Solutions Naturelles Comprendre et SoulagerVos Douleurs Nerveuses Guides m\u00e9dicaux, t\u00e9moignages et solutions naturelles pour les personnes souffrant de neuropathie, sciatique et douleurs chroniques. Nos articles&hellip;<\/p>\n","protected":false},"author":1,"featured_media":0,"parent":0,"menu_order":0,"comment_status":"closed","ping_status":"closed","template":"page-fullwidth.php","meta":{"content-type":"","_lmt_disableupdate":"","_lmt_disable":"","footnotes":""},"class_list":["post-1922","page","type-page","status-publish","hentry"],"_links":{"self":[{"href":"https:\/\/orazia.fr\/index.php?rest_route=\/wp\/v2\/pages\/1922","targetHints":{"allow":["GET"]}}],"collection":[{"href":"https:\/\/orazia.fr\/index.php?rest_route=\/wp\/v2\/pages"}],"about":[{"href":"https:\/\/orazia.fr\/index.php?rest_route=\/wp\/v2\/types\/page"}],"author":[{"embeddable":true,"href":"https:\/\/orazia.fr\/index.php?rest_route=\/wp\/v2\/users\/1"}],"replies":[{"embeddable":true,"href":"https:\/\/orazia.fr\/index.php?rest_route=%2Fwp%2Fv2%2Fcomments&post=1922"}],"version-history":[{"count":1,"href":"https:\/\/orazia.fr\/index.php?rest_route=\/wp\/v2\/pages\/1922\/revisions"}],"predecessor-version":[{"id":2628,"href":"https:\/\/orazia.fr\/index.php?rest_route=\/wp\/v2\/pages\/1922\/revisions\/2628"}],"wp:attachment":[{"href":"https:\/\/orazia.fr\/index.php?rest_route=%2Fwp%2Fv2%2Fmedia&parent=1922"}],"curies":[{"name":"wp","href":"https:\/\/api.w.org\/{rel}","templated":true}]}}